 + d = -p*d - 702. Suppose q + 51 = 2*o. Is o composite?
False
Let b = 170542 - -111769. Is b a prime number?
True
Suppose -5*c + 30 = h, 0 = h - 0*h - c - 18. Suppose -16*m + 4 = -h*m. Is 2/(24/7694) + m/6 composite?
False
Let z(c) = 4*c**2 - 2*c + 1. Suppose -3*b + 20 = 2*b, 4*b = -4*m + 20. Let q be z(m). Suppose -44 = -q*x + 97. Is x a prime number?
True
Let b(s) = 1954*s**2 - 20*s - 45. Is b(17) a composite number?
True
Let a(c) = -4*c + 2. Let u be a(-2). Let k(q) = -2*q - 14 + 13*q**2 + 6 + u*q. Is k(7) a composite number?
True
Let d = 603550 - 401549. Is d a prime number?
True
Let h(z) = z + 1. Let v(d) = 1058*d + 60. Let a(n) = h(n) - v(n). Is a(-16) a prime number?
False
Let x = 45 + -45. Suppose -5*w - 2*i - 14605 = x, 0*w + 2894 = -w + 5*i. Let s = 4178 + w. Is s prime?
True
Let r(i) = -7*i**2 - 38*i + 29. Let s(m) = 4*m**2 + 19*m - 14. Let b(g) = 3*r(g) + 5*s(g). Let n be b(-20). Let v(j) = -2*j**3 - 4*j**2 + 5. Is v(n) prime?
True
Let v(a) = 5*a**2 + a - 1. Suppose -2*h + 9*h = 49. Let n = 9 - h. Is v(n) a composite number?
True
Suppose -5*r + 0*k + 1 = 4*k, 12 = 3*k. Is (9/(-6))/(r/19066) prime?
True
Suppose 4*j + 4*l = -40, -2*j - 22 = -j + 4*l. Let m be ((-3)/(-1))/(7 + j). Suppose -3*o + 2*s + 629 = 0, m*o - 839 = -o + 3*s. Is o a prime number?
False
Let h(t) = 2*t**3 - 20*t**2 - 18*t - 5. Let m be h(11). Suppose 2*d - 44*w - 18038 = -m*w, 3*w - 18038 = -2*d. Is d composite?
True
Let c = -147716 + 317935. Is c a composite number?
True
Suppose -17438 = -5*u + 3*u. Let r = u + -3096. Is r composite?
False
Let i(y) = y**2 + y - 1. Let a be i(5). Let t = -25 + a. Suppose 5*n = 4*q - 7930, -t*q + 4*n + 9917 = q. Is q a composite number?
True
Let k(b) = 2*b**3 + 49*b**2 - 24*b + 32. Let p be k(-25). Suppose m = p*m - 4314. Is m a prime number?
True
Suppose 0 = 6722*h - 6724*h + 464998. Is h a prime number?
True
Let r(s) = s**3 + 31*s**2 - 128*s - 97. Is r(-33) a prime number?
True
Suppose -2*z - 4*w - 5 = -z, 0 = -5*z + 3*w - 2. Let a be (0 - (1 - 3)) + z + 2. Suppose 2*r + 14 - 113 = -3*t, -2*t = -a*r - 79. Is t prime?
False
Let w be ((-11050)/4)/((-2)/(-4)). Is (w/(-3) - -2)*3 a composite number?
False
Suppose 7325902 - 33065754 = -92*q. Is q a composite number?
True
Is (11 + -10)*(2 - 102036/(-4)) prime?
False
Let d be 0/2*(-4 + 8)/(-8). Suppose -13*b + 17708 + 33629 = d. Is b prime?
False
Let w = -106 + 107. Let s be 1*(-3 + 4) - w. Suppose 2*b - 4*f + 318 - 1832 = s, 2*b - 1513 = 3*f. Is b a composite number?
True
Let t = 25139 - -61182. Is t a composite number?
True
Let j(g) = g**2 + 10*g + 2307. Let t be 12/36 + (-2 - 15/(-9)). Is j(t) a composite number?
True
Let b be 98*5/(5/281). Suppose b + 60860 = -9*z. Is (10/3)/(z/(-1962) - 5) a prime number?
False
Suppose -23*v - 27923 = -564812. Suppose -22*s + 19*s + v = 0. Is s a composite number?
True
Let q(x) = -x**3 + 4*x**2 - 4. Let m be q(0). Is (-4971)/(-6)*(-10 + 2)/m a composite number?
False
Suppose 3*d = 5*o - 45, 4*o = 5*d + 96 - 21. Is 3/d - (-65032)/10 prime?
False
Let b(p) = 5030*p + 107. Is b(4) a composite number?
True
Let g = 7839 + -2348. Let k = g - 3380. Is k prime?
True
Let q = 118363 + -39224. Is q a composite number?
False
Let y = -10979 + 122632. Is y prime?
True
Let s = -116 + 118. Suppose -m = -4*m + s*m. Suppose m = 9*i + 3627 - 23454. Is i prime?
True
Suppose -2*x + 4*x + 2 = 2*i, 4*i = -3*x - 24. Let n(j) = 1437*j**2 - 15*j + 3. Is n(i) a composite number?
True
Suppose 0 = -2*g, -9*g = -2*o - 4*g - 4. Is 6599 + o/8 + 1/4 a prime number?
True
Let q(h) = 16569*h + 1117. Is q(14) a prime number?
True
Is 35/((-805)/(-368)) - -153151 composite?
True
Suppose 4*c - 383364 = -4*u, 0 = -2*u + 6*c - 2*c + 191712. Suppose 46*r = 12*r + u. Is r a prime number?
True
Let i(c) = 39 - 20 - 23 - 16*c. Let n be i(-9). Let p = n + -81. Is p a composite number?
False
Suppose -3*t = -4*h - 17538, 0*t - 3*h - 29230 = -5*t. Let j = -1344 + t. Is j a prime number?
False
Let x(o) = -o. Let m be x(1). Let d be (-3)/(108/(-78)) - m/(-6). Is (-15)/d*-30 + -2 a prime number?
True
Suppose m = -4*w + 14 - 4, 4 = 2*w + m. Suppose -9*r = -5*i - 5*r + 3719, 0 = -w*i + r + 2230. Is i a composite number?
False
Suppose 0 = -6*t - 68 - 22. Let u be 3*(1 + 130/t). Is (-1 - -1) + (764 - u) a prime number?
True
Suppose -12*z = -21*z + 45. Let m(u) = 2*u. Let c be m(1). Suppose -250 = -2*y + 7*i - 4*i, c*y - z*i = 258. Is y a composite number?
True
Let r = 4858 + -6949. Let v = -772 - r. Is v prime?
True
Suppose 20*y + 134549 = 2*j + 13*y, j + 2*y = 67291. Is j a composite number?
True
Suppose -8*k + 68199 + 158369 = 0. Is k a prime number?
False
Let x(z) = z**2 + 8*z + 7. Let l be x(-7). Suppose l = 6*c + 7 - 37. Suppose 2*q + 271 = 3*s, -3*s + c*q + 349 - 72 = 0. Is s a composite number?
False
Let q be 532/(-114)*(2 - 40/14). Suppose -8 = 2*x - 4*x, -q*g + 136 = x. Is g a prime number?
False
Suppose j - 5 = 0, -5*j = 10*n - 6*n - 1181. Let y = n + 402. Is y composite?
False
Suppose 4*f + 124 = -3*a, f - 13 = a + 40. Let o = 50 + a. Suppose o*n - 1939 - 2031 = 0. Is n composite?
True
Is ((-144)/(-64) - 2)/(1/178732) a composite number?
False
Let a(y) = -52023*y + 2594. Is a(-5) composite?
False
Let i(g) = g**2 + 9*g - 56. Let y be i(-9). Let k = y - -933. Is k composite?
False
Suppose 2*f + 122497 - 468930 = -5*j, 4*f = -24. Is j a prime number?
False
Suppose 5*a + 734 = 3*a. Let u = a - -196. Let z = u - -502. Is z a prime number?
True
Suppose 19 = 5*o + 3*x, -16 = o - 3*o - 4*x. Let m = 5632 + -3114. Suppose o*v - m = -0*v + l, 3*l = -4*v + 5036. Is v a prime number?
True
Let z(n) = 59*n**2 + 5*n + 13. Let b(l) be the third derivative of -59*l**5/60 - l**4/4 - 7*l**3/3 - 6*l**2. Let x(w) = 6*b(w) + 7*z(w). Is x(-3) composite?
False
Let v be ((-172)/(-7))/((-26)/(-91)). Suppose -2*u = -516 + 102. Let c = u + v. Is c composite?
False
Let c(n) = 11*n**3 + 3*n**2 + 4*n - 1. Let j = 22 + -18. Suppose 0 = -j*v - r + 9, 2*v + 4*r - 2 = -8. Is c(v) prime?
False
Suppose -3*g + 1051 = -5894. Let t = 6028 - g. Is t composite?
True
Let k(n) = n**3 + 49*n**2 - 75*n - 140. Is k(-45) prime?
False
Suppose -23*w + 65*w = -38*w + 1091920. Is w composite?
False
Let q(v) = 46515*v - 11656. Is q(9) a prime number?
False
Suppose 200863 + 906122 = 55*d. Is d composite?
True
Let c(f) = f**2 - 8*f + 2. Let i = -1 + -26. Let u be c(i). Let l = u - 610. Is l composite?
False
Suppose -3*z - 7*z = 150. Let u(i) = i**3 + 20*i**2 - 16*i + 9. Let t be u(z). Let n = t - 331. Is n a prime number?
False
Let l(p) = -66*p**3 - 3*p**2 + p + 6. Let d be l(-2). Suppose -3*j + 314 = -499. Let f = d - j. Is f prime?
False
Let b be 32/12*(-15)/(-2). Let z(q) = q**3 - 21*q**2 + 21*q - 24. Let r be z(b). Is 636 + (-4 - (r - -3)) + -2 prime?
True
Is -201649*2/(-6 - (3 + -7)) a composite number?
True
Suppose 21*b - 5*q = 16*b + 1490330, -b = 5*q - 298048. Is b a prime number?
True
Suppose 11*i - 448 = 3*i. Suppose -i*c - 2 = -58*c. Is 1212 - 0 - (0 - c) a composite number?
False
Let r(g) = 4671*g + 206. Let o(k) = 2336*k + 102. Let y(m) = 7*o(m) - 3*r(m). Is y(5) a composite number?
True
Suppose 3*n - 8*n = -6715. Suppose n = 4*q + 5*t, 0 = -q + 3*t - 0*t + 340. Is q prime?
True
Let j(k) = 0*k - 5*k**2 + 4 + 4*k**2 + k - 9*k. Let s be j(-8). Suppose s*z = 70 + 142. Is z composite?
False
Suppose 5*i = -4*o + 1234, -2*i = 11*o - 15*o - 488. Suppose 22510 = 248*h - i*h. Is h prime?
False
Suppose 0 = 2*f - g - 10937, 2*f - 7*f + 27362 = 4*g. Suppose -130*z + 132*z = f. Is z prime?
False
Let b(s) = -2*s**3 - 16*s**2 + 3*s + 411. Is b(-22) prime?
False
Suppose 16075 - 60928 = -3*f. Is f a prime number?
True
Suppose -v + 36 = 4*c, 2*c + 8 = 2*v + 26. Suppose 5*j = c*j - 12. Is 210 + 4/16 + j/4 composite?
False
Suppose -3*h + 38641 = d, -4*d + 9*h + 154546 = 12*h. Is d composite?
True
Is (-75055)/(-68) + 4 + -17 + (-2)/(-8) a prime number?
True
Let j be -2 - 3*(-8)/(-12). Let o be (2/1)/(6/j + 2). Suppose o*q - 239 - 69 = 0. Is q composite?
True
Suppose 0 = -5*f + 1809 + 6036. Let k = -202 + f. Is k a prime number?
True
Let o be (-18)/(-15)*(-2)/12*-15. Suppose 3*k = -o*k. Suppose -5*l + 9*l - 4*c - 4764 = k, -c = 0. Is l a prime number?
False
Let p(h) = h - 1. Let y(u) = -112*u + 45. Let n(l) = 6*p(l) - y(l). Is n(11) prime?
False
Suppose